{"id":12,"date":"2014-11-11T13:00:52","date_gmt":"2014-11-11T12:00:52","guid":{"rendered":"http:\/\/hisell.de\/keramik-sammler\/?page_id=12"},"modified":"2025-11-18T19:44:10","modified_gmt":"2025-11-18T18:44:10","slug":"marken-signaturen","status":"publish","type":"page","link":"http:\/\/keramik-sammler.de\/?page_id=12","title":{"rendered":"KERAMIK &#8211; MARKEN"},"content":{"rendered":"\n<p>Hier finden Sie eine kostenfreie \u00dcbersicht deutscher\/europ\u00e4ischer Keramik-Marken, Werkstattzeichen, Manufakturmarken, Stempel und K\u00fcnstler-Signaturen. Ein kleines Marken-Lexikon.<\/p>\n\n\n\n<p>Falls Sie sich von einer Sammlung trennen m\u00f6chten, k\u00f6nnen Sie mir diese gerne anbieten. Ich suche st\u00e4ndig neue St\u00fccke f\u00fcr meine Sammlung. Von Interesse ist s\u00e4mtliche k\u00fcnstlerische Keramik. Bitte keine T\u00f6pfe, b\u00e4uerliches Geschirr oder Fliesen anbieten. <a href=\"https:\/\/www.keramik-sammler.de\/?page_id=1808\">Weitere Details zum Verkauf finden Sie hier.<\/a><\/p>\n\n\n\n<p>Eine kostenlose Beratung zum Thema Keramik \/ Keramikmarken sowie Preissch\u00e4tzungen kann ich Ihnen nicht anbieten. Falls Sie Hilfe beim Identifizieren oder eine unabh\u00e4ngige Einsch\u00e4tzung Ihrer Keramik ben\u00f6tigen: <a href=\"https:\/\/www.keramik-sammler.de\/?page_id=6050\">Service zum Identifizieren von Keramikmarken.<\/a><\/p>\n\n\n\n<hr class=\"wp-block-separator has-alpha-channel-opacity\"\/>\n\n\n\nngg_shortcode_0_placeholder\n\n\n\n<hr class=\"wp-block-separator has-alpha-channel-opacity\"\/>\n\n\n\n<p>Keramik-Marken online f\u00fcr Markenrecherche, Markensammlung, Marken Identifizierung, Bestimmung von Studiokeramik, K\u00fcnstlerkeramik, Keramikmarken, handgefertigte Unikate, Signatur auf Keramik, Markenlexikon.<\/p>\n\n\n\n<p>\u00a9 Bilder und Texte &#8211; www.keramik-sammler.de &#8211; Kevin B\u00fclow<\/p>\n","protected":false},"excerpt":{"rendered":"<p>Hier finden Sie eine kostenfreie \u00dcbersicht deutscher\/europ\u00e4ischer Keramik-Marken, Werkstattzeichen, Manufakturmarken, Stempel und K\u00fcnstler-Signaturen. Ein kleines Marken-Lexikon. Falls Sie sich von einer Sammlung trennen m\u00f6chten, k\u00f6nnen Sie mir diese&#8230;<\/p>\n","protected":false},"author":2,"featured_media":0,"parent":0,"menu_order":5,"comment_status":"open","ping_status":"closed","template":"","meta":{"ngg_post_thumbnail":0,"jetpack_post_was_ever_published":false,"footnotes":""},"class_list":["post-12","page","type-page","status-publish","hentry"],"yoast_head":"<!-- This site is optimized with the Yoast SEO plugin v27.4 - https:\/\/yoast.com\/product\/yoast-seo-wordpress\/ -->\n<title>KERAMIK - MARKEN - KERAMIK-SAMMLER.DE<\/title>\n<meta name=\"description\" content=\"Kostenfreies Marken-Lexikon. Deutsche Keramik-Marken, Werkstattzeichen, Manufakturmarken, Stempel und K\u00fcnstler-Signaturen. Kostenlos!\" \/>\n<meta name=\"robots\" content=\"index, follow, max-snippet:-1, max-image-preview:large, max-video-preview:-1\" \/>\n<link rel=\"canonical\" href=\"https:\/\/keramik-sammler.de\/?page_id=12\" \/>\n<meta property=\"og:locale\" content=\"de_DE\" \/>\n<meta property=\"og:type\" content=\"article\" \/>\n<meta property=\"og:title\" content=\"KERAMIK - MARKEN - KERAMIK-SAMMLER.DE\" \/>\n<meta property=\"og:description\" content=\"Kostenfreies Marken-Lexikon. Deutsche Keramik-Marken, Werkstattzeichen, Manufakturmarken, Stempel und K\u00fcnstler-Signaturen. Kostenlos!\" \/>\n<meta property=\"og:url\" content=\"https:\/\/keramik-sammler.de\/?page_id=12\" \/>\n<meta property=\"og:site_name\" content=\"KERAMIK-SAMMLER.DE\" \/>\n<meta property=\"article:modified_time\" content=\"2025-11-18T18:44:10+00:00\" \/>\n<meta name=\"twitter:card\" content=\"summary_large_image\" \/>\n<meta name=\"twitter:label1\" content=\"Gesch\u00e4tzte Lesezeit\" \/>\n\t<meta name=\"twitter:data1\" content=\"1\u00a0Minute\" \/>\n<script type=\"application\/ld+json\" class=\"yoast-schema-graph\">{\"@context\":\"https:\\\/\\\/schema.org\",\"@graph\":[{\"@type\":\"WebPage\",\"@id\":\"https:\\\/\\\/keramik-sammler.de\\\/?page_id=12\",\"url\":\"https:\\\/\\\/keramik-sammler.de\\\/?page_id=12\",\"name\":\"KERAMIK - MARKEN - KERAMIK-SAMMLER.DE\",\"isPartOf\":{\"@id\":\"http:\\\/\\\/keramik-sammler.de\\\/#website\"},\"datePublished\":\"2014-11-11T12:00:52+00:00\",\"dateModified\":\"2025-11-18T18:44:10+00:00\",\"description\":\"Kostenfreies Marken-Lexikon. Deutsche Keramik-Marken, Werkstattzeichen, Manufakturmarken, Stempel und K\u00fcnstler-Signaturen. Kostenlos!\",\"breadcrumb\":{\"@id\":\"https:\\\/\\\/keramik-sammler.de\\\/?page_id=12#breadcrumb\"},\"inLanguage\":\"de\",\"potentialAction\":[{\"@type\":\"ReadAction\",\"target\":[\"https:\\\/\\\/keramik-sammler.de\\\/?page_id=12\"]}]},{\"@type\":\"BreadcrumbList\",\"@id\":\"https:\\\/\\\/keramik-sammler.de\\\/?page_id=12#breadcrumb\",\"itemListElement\":[{\"@type\":\"ListItem\",\"position\":1,\"name\":\"Startseite\",\"item\":\"http:\\\/\\\/keramik-sammler.de\\\/\"},{\"@type\":\"ListItem\",\"position\":2,\"name\":\"KERAMIK &#8211; MARKEN\"}]},{\"@type\":\"WebSite\",\"@id\":\"http:\\\/\\\/keramik-sammler.de\\\/#website\",\"url\":\"http:\\\/\\\/keramik-sammler.de\\\/\",\"name\":\"KERAMIK-SAMMLER.DE\",\"description\":\"informationsportal f\u00fcr  k\u00fcnstlerkeramik - studiokeramik - studio pottery\",\"publisher\":{\"@id\":\"http:\\\/\\\/keramik-sammler.de\\\/#\\\/schema\\\/person\\\/eef6090e4285e9bcbb672113504f7259\"},\"potentialAction\":[{\"@type\":\"SearchAction\",\"target\":{\"@type\":\"EntryPoint\",\"urlTemplate\":\"http:\\\/\\\/keramik-sammler.de\\\/?s={search_term_string}\"},\"query-input\":{\"@type\":\"PropertyValueSpecification\",\"valueRequired\":true,\"valueName\":\"search_term_string\"}}],\"inLanguage\":\"de\"},{\"@type\":[\"Person\",\"Organization\"],\"@id\":\"http:\\\/\\\/keramik-sammler.de\\\/#\\\/schema\\\/person\\\/eef6090e4285e9bcbb672113504f7259\",\"name\":\"Kevin B\u00fclow\",\"image\":{\"@type\":\"ImageObject\",\"inLanguage\":\"de\",\"@id\":\"http:\\\/\\\/keramik-sammler.de\\\/wp-content\\\/uploads\\\/2019\\\/04\\\/logo2019_-neu-crob.jpg\",\"url\":\"http:\\\/\\\/keramik-sammler.de\\\/wp-content\\\/uploads\\\/2019\\\/04\\\/logo2019_-neu-crob.jpg\",\"contentUrl\":\"http:\\\/\\\/keramik-sammler.de\\\/wp-content\\\/uploads\\\/2019\\\/04\\\/logo2019_-neu-crob.jpg\",\"width\":2784,\"height\":1074,\"caption\":\"Kevin B\u00fclow\"},\"logo\":{\"@id\":\"http:\\\/\\\/keramik-sammler.de\\\/wp-content\\\/uploads\\\/2019\\\/04\\\/logo2019_-neu-crob.jpg\"},\"sameAs\":[\"https:\\\/\\\/www.keramik-sammler.de\"]}]}<\/script>\n<!-- \/ Yoast SEO plugin. -->","yoast_head_json":{"title":"KERAMIK - MARKEN - KERAMIK-SAMMLER.DE","description":"Kostenfreies Marken-Lexikon. Deutsche Keramik-Marken, Werkstattzeichen, Manufakturmarken, Stempel und K\u00fcnstler-Signaturen. Kostenlos!","robots":{"index":"index","follow":"follow","max-snippet":"max-snippet:-1","max-image-preview":"max-image-preview:large","max-video-preview":"max-video-preview:-1"},"canonical":"https:\/\/keramik-sammler.de\/?page_id=12","og_locale":"de_DE","og_type":"article","og_title":"KERAMIK - MARKEN - KERAMIK-SAMMLER.DE","og_description":"Kostenfreies Marken-Lexikon. Deutsche Keramik-Marken, Werkstattzeichen, Manufakturmarken, Stempel und K\u00fcnstler-Signaturen. Kostenlos!","og_url":"https:\/\/keramik-sammler.de\/?page_id=12","og_site_name":"KERAMIK-SAMMLER.DE","article_modified_time":"2025-11-18T18:44:10+00:00","twitter_card":"summary_large_image","twitter_misc":{"Gesch\u00e4tzte Lesezeit":"1\u00a0Minute"},"schema":{"@context":"https:\/\/schema.org","@graph":[{"@type":"WebPage","@id":"https:\/\/keramik-sammler.de\/?page_id=12","url":"https:\/\/keramik-sammler.de\/?page_id=12","name":"KERAMIK - MARKEN - KERAMIK-SAMMLER.DE","isPartOf":{"@id":"http:\/\/keramik-sammler.de\/#website"},"datePublished":"2014-11-11T12:00:52+00:00","dateModified":"2025-11-18T18:44:10+00:00","description":"Kostenfreies Marken-Lexikon. Deutsche Keramik-Marken, Werkstattzeichen, Manufakturmarken, Stempel und K\u00fcnstler-Signaturen. Kostenlos!","breadcrumb":{"@id":"https:\/\/keramik-sammler.de\/?page_id=12#breadcrumb"},"inLanguage":"de","potentialAction":[{"@type":"ReadAction","target":["https:\/\/keramik-sammler.de\/?page_id=12"]}]},{"@type":"BreadcrumbList","@id":"https:\/\/keramik-sammler.de\/?page_id=12#breadcrumb","itemListElement":[{"@type":"ListItem","position":1,"name":"Startseite","item":"http:\/\/keramik-sammler.de\/"},{"@type":"ListItem","position":2,"name":"KERAMIK &#8211; MARKEN"}]},{"@type":"WebSite","@id":"http:\/\/keramik-sammler.de\/#website","url":"http:\/\/keramik-sammler.de\/","name":"KERAMIK-SAMMLER.DE","description":"informationsportal f\u00fcr  k\u00fcnstlerkeramik - studiokeramik - studio pottery","publisher":{"@id":"http:\/\/keramik-sammler.de\/#\/schema\/person\/eef6090e4285e9bcbb672113504f7259"},"potentialAction":[{"@type":"SearchAction","target":{"@type":"EntryPoint","urlTemplate":"http:\/\/keramik-sammler.de\/?s={search_term_string}"},"query-input":{"@type":"PropertyValueSpecification","valueRequired":true,"valueName":"search_term_string"}}],"inLanguage":"de"},{"@type":["Person","Organization"],"@id":"http:\/\/keramik-sammler.de\/#\/schema\/person\/eef6090e4285e9bcbb672113504f7259","name":"Kevin B\u00fclow","image":{"@type":"ImageObject","inLanguage":"de","@id":"http:\/\/keramik-sammler.de\/wp-content\/uploads\/2019\/04\/logo2019_-neu-crob.jpg","url":"http:\/\/keramik-sammler.de\/wp-content\/uploads\/2019\/04\/logo2019_-neu-crob.jpg","contentUrl":"http:\/\/keramik-sammler.de\/wp-content\/uploads\/2019\/04\/logo2019_-neu-crob.jpg","width":2784,"height":1074,"caption":"Kevin B\u00fclow"},"logo":{"@id":"http:\/\/keramik-sammler.de\/wp-content\/uploads\/2019\/04\/logo2019_-neu-crob.jpg"},"sameAs":["https:\/\/www.keramik-sammler.de"]}]}},"jetpack_sharing_enabled":true,"jetpack_shortlink":"https:\/\/wp.me\/P6UNPE-c","_links":{"self":[{"href":"http:\/\/keramik-sammler.de\/index.php?rest_route=\/wp\/v2\/pages\/12","targetHints":{"allow":["GET"]}}],"collection":[{"href":"http:\/\/keramik-sammler.de\/index.php?rest_route=\/wp\/v2\/pages"}],"about":[{"href":"http:\/\/keramik-sammler.de\/index.php?rest_route=\/wp\/v2\/types\/page"}],"author":[{"embeddable":true,"href":"http:\/\/keramik-sammler.de\/index.php?rest_route=\/wp\/v2\/users\/2"}],"replies":[{"embeddable":true,"href":"http:\/\/keramik-sammler.de\/index.php?rest_route=%2Fwp%2Fv2%2Fcomments&post=12"}],"version-history":[{"count":131,"href":"http:\/\/keramik-sammler.de\/index.php?rest_route=\/wp\/v2\/pages\/12\/revisions"}],"predecessor-version":[{"id":11373,"href":"http:\/\/keramik-sammler.de\/index.php?rest_route=\/wp\/v2\/pages\/12\/revisions\/11373"}],"wp:attachment":[{"href":"http:\/\/keramik-sammler.de\/index.php?rest_route=%2Fwp%2Fv2%2Fmedia&parent=12"}],"curies":[{"name":"wp","href":"https:\/\/api.w.org\/{rel}","templated":true}]}}