{"id":1808,"date":"2015-03-10T12:26:29","date_gmt":"2015-03-10T11:26:29","guid":{"rendered":"http:\/\/hisell.de\/keramik-sammler\/?page_id=1808"},"modified":"2026-02-10T19:20:01","modified_gmt":"2026-02-10T18:20:01","slug":"ankauf","status":"publish","type":"page","link":"https:\/\/keramik-sammler.de\/?page_id=1808","title":{"rendered":"KERAMIK &#8211; ANKAUF"},"content":{"rendered":"\n<p>Falls Sie sich von ihrer Keramik trennen wollen oder m\u00f6chten, ich kaufe Einzelst\u00fccke und vor allem umfangreiche Sammlungen in ganz Deutschland an. Von Interesse ist s\u00e4mtliche K\u00fcnstlerkeramik \/ Studiokeramik aus der Zeit um die 1950er bis 2000er Jahre.<\/p>\n\n\n\n<p>In den vergangenen Jahren wurden viele Sammlungen aufgel\u00f6st, da zahlreiche Sammler ihren Lebensabend erreicht haben. Ich interessiere mich aufrichtig f\u00fcr Ihre Keramiken und Ihren Nachlass.<\/p>\n\n\n\n<p>Gesucht sind zum Beispiel: <strong>Beate Kuhn<\/strong>, Otto Meier, G\u00f6rge Hohlt, Walter A. Heufelder, <strong>Walter Popp<\/strong>, <strong>Robert Sturm<\/strong>, Karl und Ursula Scheid, Karl Friedrich Korden, Heiner Balzar, Jan Kollwitz, Antje Br\u00fcggemann-Breckwoldt, Ralf Busz, Wolfgang Heyne, Heidi Kippenberg, Ruth Koppenh\u00f6fer, Volker Ellwanger, Otto Lindig, Konrad Quillmann, Christine Atmer de Reig, <strong>Jan Bontjes van Beek<\/strong>, Richard Bampi, Horst Kerstan, Hubert Griemert, Bruno und Ingeborg Asshof, <strong>Gerald und Gotlind Weigel<\/strong>, Fritz und Vera Vehring, <strong>Dieter Crumbiegel<\/strong> und weitere deutsche Keramiker. Ich interessiere mich auch f\u00fcr Keramiken aus dem Ausland wie z.B. von <strong>Hans Coper,<\/strong> <strong>Bernard Leach, Lucie Rie<\/strong>, <strong>Gordon Baldwin<\/strong>, Colin Pearson, Edouard Chapallaz, Eric Astoul, Walter Keeler, Claude Champy, Gilbert Portanier, Carmen Dionyse, Vivika &amp; Otto Heino, Gertrud &amp; Otto Natzler &#8230;<\/p>\n\n\n\n<p>Mein Hauptaugenmerk gilt: Walter Popp, Beate Kuhn, Jan Bontjes van Beek, Dieter Crumbiegel, Robert Sturm, Otto Douglas-Hill, Karl Friedrich Korden.<\/p>\n\n\n\n<p>Bitte keine T\u00f6pfe, b\u00e4uerliches Geschirr, Porzellan-Isolatoren, Porzellan-Service, Waschbecken oder Fliesen anbieten.<\/p>\n\n\n\n<p class=\"has-text-align-center\">Senden Sie mir bitte einige Bilder der Keramik per Email zu:<br><strong>kevinbuelow@gmx.de<\/strong><\/p>\n\n\n\n<p>Ich w\u00e4re Ihnen dankbar, wenn Sie mir auch mitteilen k\u00f6nnten, in welcher Stadt sich die Keramiken befinden, damit ich den Aufwand und die Fahrtstrecke entsprechend einsch\u00e4tzen kann.<\/p>\n\n\n\n<p>Viele Gr\u00fc\u00dfe aus Hildesheim,<br>Kevin B\u00fclow<\/p>\n\n\n\n<hr class=\"wp-block-separator has-alpha-channel-opacity\"\/>\n\n\n\n<p class=\"has-text-align-center\">HINWEIS<\/p>\n\n\n\n<p class=\"has-text-align-center\">Leider kann ich keine kostenlose Beratung zu Keramik, Keramikmarken oder Wertsch\u00e4tzungen anbieten. Bitte sehen Sie daher von Anfragen per E-Mail oder Telefon zu diesem Thema ab. <\/p>\n\n\n\n<p class=\"has-text-align-center\"><strong>Wenn Sie eine unbekannte Marke kostenpflichtig identifiziert haben m\u00f6chten <a href=\"https:\/\/www.keramik-sammler.de\/?page_id=6050\">klicken Sie bitte hier<\/a>.<\/strong><\/p>\n\n\n\n<p class=\"has-text-align-center\">Vielen Dank f\u00fcr Ihr Verst\u00e4ndnis.<\/p>\n\n\n\n<hr class=\"wp-block-separator has-alpha-channel-opacity\"\/>\n\n\n\n<h3 class=\"wp-block-heading\"><strong>KONTAKTFORMULAR<\/strong><\/h3>\n\n\n\n<div class=\"wp-block-contact-form-7-contact-form-selector\">\n<div class=\"wpcf7 no-js\" id=\"wpcf7-f7662-o1\" lang=\"de-DE\" dir=\"ltr\" data-wpcf7-id=\"7662\">\n<div class=\"screen-reader-response\"><p role=\"status\" aria-live=\"polite\" aria-atomic=\"true\"><\/p> <ul><\/ul><\/div>\n<form action=\"\/index.php?rest_route=%2Fwp%2Fv2%2Fpages%2F1808#wpcf7-f7662-o1\" method=\"post\" class=\"wpcf7-form init\" aria-label=\"Kontaktformular\" novalidate=\"novalidate\" data-status=\"init\">\n<fieldset class=\"hidden-fields-container\"><input type=\"hidden\" name=\"_wpcf7\" value=\"7662\" \/><input type=\"hidden\" name=\"_wpcf7_version\" value=\"6.1.5\" \/><input type=\"hidden\" name=\"_wpcf7_locale\" value=\"de_DE\" \/><input type=\"hidden\" name=\"_wpcf7_unit_tag\" value=\"wpcf7-f7662-o1\" \/><input type=\"hidden\" name=\"_wpcf7_container_post\" value=\"0\" \/><input type=\"hidden\" name=\"_wpcf7_posted_data_hash\" value=\"\" \/>\n<\/fieldset>\n<p><label> DEIN NAME<br \/>\n<span class=\"wpcf7-form-control-wrap\" data-name=\"your-name\"><input size=\"40\" maxlength=\"400\" class=\"wpcf7-form-control wpcf7-text wpcf7-validates-as-required\" autocomplete=\"name\" aria-required=\"true\" aria-invalid=\"false\" value=\"\" type=\"text\" name=\"your-name\" \/><\/span> <\/label>\n<\/p>\n<p><label> DEINE E-MAIL-ADRESSE<br \/>\n<span class=\"wpcf7-form-control-wrap\" data-name=\"your-email\"><input size=\"40\" maxlength=\"400\" class=\"wpcf7-form-control wpcf7-email wpcf7-validates-as-required wpcf7-text wpcf7-validates-as-email\" aria-required=\"true\" aria-invalid=\"false\" value=\"\" type=\"email\" name=\"your-email\" \/><\/span> <\/label>\n<\/p>\n<p><label> DEINE NACHRICHT<br \/>\n<span class=\"wpcf7-form-control-wrap\" data-name=\"your-message\"><textarea cols=\"40\" rows=\"10\" maxlength=\"2000\" class=\"wpcf7-form-control wpcf7-textarea\" aria-invalid=\"false\" name=\"your-message\"><\/textarea><\/span> <\/label>\n<\/p>\n<p><label> <span class=\"wpcf7-form-control-wrap\" data-name=\"mfile-999\"><input size=\"40\" class=\"wpcf7-form-control wpcf7-drag-n-drop-file d-none\" aria-invalid=\"false\" type=\"file\" multiple=\"multiple\" data-name=\"mfile-999\" data-type=\"jpeg|jpg|gif|png\" data-limit=\"10485760\" data-min=\"1\" data-max=\"10\" data-id=\"7662\" data-version=\"free version 1.3.9.7\" accept=\".jpeg, .jpg, .gif, .png\" data-black-list=\"exe|bat|com\" \/><\/span> <\/label>\n<\/p>\n<p><label> <span class=\"wpcf7-form-control-wrap\" data-name=\"acceptance-170\"><span class=\"wpcf7-form-control wpcf7-acceptance\"><span class=\"wpcf7-list-item\"><label><input type=\"checkbox\" name=\"acceptance-170\" value=\"1\" aria-invalid=\"false\" \/><span class=\"wpcf7-list-item-label\">Ich habe die Datenschutzerkl\u00e4rung zur Kenntnis genommen und akzeptiert. Ich stimme zu, dass meine Formularangaben zur Kontaktaufnahme bzw. zur Bearbeitung meines Anliegens gespeichert werden. Durch die \u00dcbermittlung deiner Angaben gibst du mir die Erlaubnis, dir E-Mails zu senden. Du kannst dich jederzeit abmelden. (ERFORDERLICH)<\/span><\/label><\/span><\/span><\/span> <\/label>\n<\/p>\n<p><input class=\"wpcf7-form-control wpcf7-submit has-spinner\" type=\"submit\" value=\"SENDEN\" \/>\n<\/p><p style=\"display: none !important;\" class=\"akismet-fields-container\" data-prefix=\"_wpcf7_ak_\"><label>&#916;<textarea name=\"_wpcf7_ak_hp_textarea\" cols=\"45\" rows=\"8\" maxlength=\"100\"><\/textarea><\/label><input type=\"hidden\" id=\"ak_js_1\" name=\"_wpcf7_ak_js\" value=\"82\"\/><script>document.getElementById( \"ak_js_1\" ).setAttribute( \"value\", ( new Date() ).getTime() );<\/script><\/p><div class=\"wpcf7-response-output\" aria-hidden=\"true\"><\/div>\n<\/form>\n<\/div>\n<\/div>\n\n\n\n<hr class=\"wp-block-separator has-text-color has-accent-color has-alpha-channel-opacity has-accent-background-color has-background\"\/>\n\n\n\n<p style=\"font-size:10px\">Ankauf von Studiokeramik, K\u00fcnstlerkeramik, Keramik-Sammlungen, hochwertige Einzelst\u00fccke, Keramik aus den 1960er 1970er 1980er 1990er Jahren, Keramiksammlung aufl\u00f6sen, k\u00fcnstlerische Keramik, Unikatkeramik, Keramikunikate, Unikat, Steinzeug, Studio Keramik, Keramik von Beate Kuhn, Walter Popp, Dieter Crumbiegel, Robert Sturm, Kasseler Schule, Keramikvasen, Keramikunikat, Unikatkeramiken, Einzelst\u00fcck, Studio Ceramics, Studio Pottery. <\/p>\n\n\n\n<hr class=\"wp-block-separator has-text-color has-accent-color has-alpha-channel-opacity has-accent-background-color has-background\"\/>\n","protected":false},"excerpt":{"rendered":"<p>Falls Sie sich von ihrer Keramik trennen wollen oder m\u00f6chten, ich kaufe Einzelst\u00fccke und vor allem umfangreiche Sammlungen in ganz Deutschland an. Von Interesse ist s\u00e4mtliche K\u00fcnstlerkeramik \/&#8230;<\/p>\n","protected":false},"author":2,"featured_media":0,"parent":0,"menu_order":6,"comment_status":"closed","ping_status":"closed","template":"","meta":{"ngg_post_thumbnail":0,"jetpack_post_was_ever_published":false,"footnotes":""},"class_list":["post-1808","page","type-page","status-publish","hentry"],"yoast_head":"<!-- This site is optimized with the Yoast SEO plugin v27.4 - https:\/\/yoast.com\/product\/yoast-seo-wordpress\/ -->\n<title>KERAMIK - ANKAUF - KERAMIK-SAMMLER.DE<\/title>\n<meta name=\"description\" content=\"Ankauf von K\u00fcnstlerkeramik Keramik-Sammlungen hochwertige Einzelst\u00fccke. Keramiksammlung aufl\u00f6sen, k\u00fcnstlerische Keramik Studiokeramik\" \/>\n<meta name=\"robots\" content=\"index, follow, max-snippet:-1, max-image-preview:large, max-video-preview:-1\" \/>\n<link rel=\"canonical\" href=\"http:\/\/keramik-sammler.de\/?page_id=1808\" \/>\n<meta property=\"og:locale\" content=\"de_DE\" \/>\n<meta property=\"og:type\" content=\"article\" \/>\n<meta property=\"og:title\" content=\"KERAMIK - ANKAUF - KERAMIK-SAMMLER.DE\" \/>\n<meta property=\"og:description\" content=\"Ankauf von K\u00fcnstlerkeramik Keramik-Sammlungen hochwertige Einzelst\u00fccke. Keramiksammlung aufl\u00f6sen, k\u00fcnstlerische Keramik Studiokeramik\" \/>\n<meta property=\"og:url\" content=\"http:\/\/keramik-sammler.de\/?page_id=1808\" \/>\n<meta property=\"og:site_name\" content=\"KERAMIK-SAMMLER.DE\" \/>\n<meta property=\"article:modified_time\" content=\"2026-02-10T18:20:01+00:00\" \/>\n<meta name=\"twitter:card\" content=\"summary_large_image\" \/>\n<meta name=\"twitter:label1\" content=\"Gesch\u00e4tzte Lesezeit\" \/>\n\t<meta name=\"twitter:data1\" content=\"3\u00a0Minuten\" \/>\n<script type=\"application\/ld+json\" class=\"yoast-schema-graph\">{\"@context\":\"https:\\\/\\\/schema.org\",\"@graph\":[{\"@type\":\"WebPage\",\"@id\":\"http:\\\/\\\/keramik-sammler.de\\\/?page_id=1808\",\"url\":\"http:\\\/\\\/keramik-sammler.de\\\/?page_id=1808\",\"name\":\"KERAMIK - ANKAUF - KERAMIK-SAMMLER.DE\",\"isPartOf\":{\"@id\":\"http:\\\/\\\/keramik-sammler.de\\\/#website\"},\"datePublished\":\"2015-03-10T11:26:29+00:00\",\"dateModified\":\"2026-02-10T18:20:01+00:00\",\"description\":\"Ankauf von K\u00fcnstlerkeramik Keramik-Sammlungen hochwertige Einzelst\u00fccke. Keramiksammlung aufl\u00f6sen, k\u00fcnstlerische Keramik Studiokeramik\",\"breadcrumb\":{\"@id\":\"http:\\\/\\\/keramik-sammler.de\\\/?page_id=1808#breadcrumb\"},\"inLanguage\":\"de\",\"potentialAction\":[{\"@type\":\"ReadAction\",\"target\":[\"http:\\\/\\\/keramik-sammler.de\\\/?page_id=1808\"]}]},{\"@type\":\"BreadcrumbList\",\"@id\":\"http:\\\/\\\/keramik-sammler.de\\\/?page_id=1808#breadcrumb\",\"itemListElement\":[{\"@type\":\"ListItem\",\"position\":1,\"name\":\"Startseite\",\"item\":\"http:\\\/\\\/keramik-sammler.de\\\/\"},{\"@type\":\"ListItem\",\"position\":2,\"name\":\"KERAMIK &#8211; ANKAUF\"}]},{\"@type\":\"WebSite\",\"@id\":\"http:\\\/\\\/keramik-sammler.de\\\/#website\",\"url\":\"http:\\\/\\\/keramik-sammler.de\\\/\",\"name\":\"KERAMIK-SAMMLER.DE\",\"description\":\"informationsportal f\u00fcr  k\u00fcnstlerkeramik - studiokeramik - studio pottery\",\"publisher\":{\"@id\":\"http:\\\/\\\/keramik-sammler.de\\\/#\\\/schema\\\/person\\\/eef6090e4285e9bcbb672113504f7259\"},\"potentialAction\":[{\"@type\":\"SearchAction\",\"target\":{\"@type\":\"EntryPoint\",\"urlTemplate\":\"http:\\\/\\\/keramik-sammler.de\\\/?s={search_term_string}\"},\"query-input\":{\"@type\":\"PropertyValueSpecification\",\"valueRequired\":true,\"valueName\":\"search_term_string\"}}],\"inLanguage\":\"de\"},{\"@type\":[\"Person\",\"Organization\"],\"@id\":\"http:\\\/\\\/keramik-sammler.de\\\/#\\\/schema\\\/person\\\/eef6090e4285e9bcbb672113504f7259\",\"name\":\"Kevin B\u00fclow\",\"image\":{\"@type\":\"ImageObject\",\"inLanguage\":\"de\",\"@id\":\"http:\\\/\\\/keramik-sammler.de\\\/wp-content\\\/uploads\\\/2019\\\/04\\\/logo2019_-neu-crob.jpg\",\"url\":\"http:\\\/\\\/keramik-sammler.de\\\/wp-content\\\/uploads\\\/2019\\\/04\\\/logo2019_-neu-crob.jpg\",\"contentUrl\":\"http:\\\/\\\/keramik-sammler.de\\\/wp-content\\\/uploads\\\/2019\\\/04\\\/logo2019_-neu-crob.jpg\",\"width\":2784,\"height\":1074,\"caption\":\"Kevin B\u00fclow\"},\"logo\":{\"@id\":\"http:\\\/\\\/keramik-sammler.de\\\/wp-content\\\/uploads\\\/2019\\\/04\\\/logo2019_-neu-crob.jpg\"},\"sameAs\":[\"https:\\\/\\\/www.keramik-sammler.de\"]}]}<\/script>\n<!-- \/ Yoast SEO plugin. -->","yoast_head_json":{"title":"KERAMIK - ANKAUF - KERAMIK-SAMMLER.DE","description":"Ankauf von K\u00fcnstlerkeramik Keramik-Sammlungen hochwertige Einzelst\u00fccke. Keramiksammlung aufl\u00f6sen, k\u00fcnstlerische Keramik Studiokeramik","robots":{"index":"index","follow":"follow","max-snippet":"max-snippet:-1","max-image-preview":"max-image-preview:large","max-video-preview":"max-video-preview:-1"},"canonical":"http:\/\/keramik-sammler.de\/?page_id=1808","og_locale":"de_DE","og_type":"article","og_title":"KERAMIK - ANKAUF - KERAMIK-SAMMLER.DE","og_description":"Ankauf von K\u00fcnstlerkeramik Keramik-Sammlungen hochwertige Einzelst\u00fccke. Keramiksammlung aufl\u00f6sen, k\u00fcnstlerische Keramik Studiokeramik","og_url":"http:\/\/keramik-sammler.de\/?page_id=1808","og_site_name":"KERAMIK-SAMMLER.DE","article_modified_time":"2026-02-10T18:20:01+00:00","twitter_card":"summary_large_image","twitter_misc":{"Gesch\u00e4tzte Lesezeit":"3\u00a0Minuten"},"schema":{"@context":"https:\/\/schema.org","@graph":[{"@type":"WebPage","@id":"http:\/\/keramik-sammler.de\/?page_id=1808","url":"http:\/\/keramik-sammler.de\/?page_id=1808","name":"KERAMIK - ANKAUF - KERAMIK-SAMMLER.DE","isPartOf":{"@id":"http:\/\/keramik-sammler.de\/#website"},"datePublished":"2015-03-10T11:26:29+00:00","dateModified":"2026-02-10T18:20:01+00:00","description":"Ankauf von K\u00fcnstlerkeramik Keramik-Sammlungen hochwertige Einzelst\u00fccke. Keramiksammlung aufl\u00f6sen, k\u00fcnstlerische Keramik Studiokeramik","breadcrumb":{"@id":"http:\/\/keramik-sammler.de\/?page_id=1808#breadcrumb"},"inLanguage":"de","potentialAction":[{"@type":"ReadAction","target":["http:\/\/keramik-sammler.de\/?page_id=1808"]}]},{"@type":"BreadcrumbList","@id":"http:\/\/keramik-sammler.de\/?page_id=1808#breadcrumb","itemListElement":[{"@type":"ListItem","position":1,"name":"Startseite","item":"http:\/\/keramik-sammler.de\/"},{"@type":"ListItem","position":2,"name":"KERAMIK &#8211; ANKAUF"}]},{"@type":"WebSite","@id":"http:\/\/keramik-sammler.de\/#website","url":"http:\/\/keramik-sammler.de\/","name":"KERAMIK-SAMMLER.DE","description":"informationsportal f\u00fcr  k\u00fcnstlerkeramik - studiokeramik - studio pottery","publisher":{"@id":"http:\/\/keramik-sammler.de\/#\/schema\/person\/eef6090e4285e9bcbb672113504f7259"},"potentialAction":[{"@type":"SearchAction","target":{"@type":"EntryPoint","urlTemplate":"http:\/\/keramik-sammler.de\/?s={search_term_string}"},"query-input":{"@type":"PropertyValueSpecification","valueRequired":true,"valueName":"search_term_string"}}],"inLanguage":"de"},{"@type":["Person","Organization"],"@id":"http:\/\/keramik-sammler.de\/#\/schema\/person\/eef6090e4285e9bcbb672113504f7259","name":"Kevin B\u00fclow","image":{"@type":"ImageObject","inLanguage":"de","@id":"http:\/\/keramik-sammler.de\/wp-content\/uploads\/2019\/04\/logo2019_-neu-crob.jpg","url":"http:\/\/keramik-sammler.de\/wp-content\/uploads\/2019\/04\/logo2019_-neu-crob.jpg","contentUrl":"http:\/\/keramik-sammler.de\/wp-content\/uploads\/2019\/04\/logo2019_-neu-crob.jpg","width":2784,"height":1074,"caption":"Kevin B\u00fclow"},"logo":{"@id":"http:\/\/keramik-sammler.de\/wp-content\/uploads\/2019\/04\/logo2019_-neu-crob.jpg"},"sameAs":["https:\/\/www.keramik-sammler.de"]}]}},"jetpack_sharing_enabled":true,"jetpack_shortlink":"https:\/\/wp.me\/P6UNPE-ta","_links":{"self":[{"href":"https:\/\/keramik-sammler.de\/index.php?rest_route=\/wp\/v2\/pages\/1808","targetHints":{"allow":["GET"]}}],"collection":[{"href":"https:\/\/keramik-sammler.de\/index.php?rest_route=\/wp\/v2\/pages"}],"about":[{"href":"https:\/\/keramik-sammler.de\/index.php?rest_route=\/wp\/v2\/types\/page"}],"author":[{"embeddable":true,"href":"https:\/\/keramik-sammler.de\/index.php?rest_route=\/wp\/v2\/users\/2"}],"replies":[{"embeddable":true,"href":"https:\/\/keramik-sammler.de\/index.php?rest_route=%2Fwp%2Fv2%2Fcomments&post=1808"}],"version-history":[{"count":87,"href":"https:\/\/keramik-sammler.de\/index.php?rest_route=\/wp\/v2\/pages\/1808\/revisions"}],"predecessor-version":[{"id":11653,"href":"https:\/\/keramik-sammler.de\/index.php?rest_route=\/wp\/v2\/pages\/1808\/revisions\/11653"}],"wp:attachment":[{"href":"https:\/\/keramik-sammler.de\/index.php?rest_route=%2Fwp%2Fv2%2Fmedia&parent=1808"}],"curies":[{"name":"wp","href":"https:\/\/api.w.org\/{rel}","templated":true}]}}